19))?
-9
Calculate -40 - -56 - (3 + 9).
4
-6 + (-2 - -8) + -1
-1
What is -6 + (4 - 0) - 3?
-5
Calculate 2 + -5 + (-6 + 4 - -2).
-3
What is the value of (3 - (-7 + 24)) + 8?
-6
Calculate (-3 - -1 - 0) + -3.
-5
Calculate 27 - (15 - 1) - 4.
9
Evaluate (1 - (-11 - -6)) + -3.
3
Evaluate 2 - -2 - (23 + -19).
0
What is 300 - 291 - (5 + 0)?
4
-4 + -2 + (6 - 2)
-2
Evaluate 0 + (4 - 4) - 5 - -3.
-2
Calculate -2 + (-9 - (-1 - 7)).
-3
Calculate 7 + -3 - (4 - -1) - -1.
0
Calculate (36 - 42) + 1 + 7.
2
What is 20 + -32 + (6 - -3)?
-3
What is the value of (-3 - 0) + (6 - 1) + -5?
-3
Calculate (-7 - (-11 - -5)) + 5.
4
4 + -2 + -3 + 1
0
What is (-5 - -9) + -3 + -6?
-5
Calculate (0 - 10) + (49 - 41) - -6.
4
What is (4 - (-4 - -6)) + -3?
-1
4 + 3 - (15 + -8)
0
9 + -14 + (4 - -7)
6
What is the value of 4 + (-8 - -1 - -3)?
0
Evaluate -2 + (-2 - -8) + 5 + -6.
3
Evaluate -1 - -8 - (-2 + 1 + 6).
2
What is -5 - (2 + -9 - -7)?
-5
What is (1 - 8 - 4) + 6?
-5
(3 - -5 - 15) + 9
2
Calculate -4 + (1 - (-3 - -11 - 6)).
-5
Calculate -2 + 9 + (3 - (-7 - -19)).
-2
Evaluate 0 + 8 + -4 - (8 - 0).
-4
What is the value of (6 - (2 + -3)) + (-4 - -2)?
5
What is the value of 0 + 16 - 3 - 1 - 7?
5
Evaluate (0 - 1 - -5) + -10.
-6
Evaluate 2 + 5 - (14 - 10).
3
(-1 - 0 - -1) + -134 + 136
2
What is -18 - (-41 + 19) - (-1 + -2)?
7
Calculate (5 - -1) + (3 - 1 - 4).
4
Evaluate -2 - 0 - (-4 + -3 + 9).
-4
-6 + (2 - -7 - -1)
4
Evaluate -3 + 0 - (2 - 0).
-5
What is (5 + (-9 - -4) - -1) + 1?
2
What is 1 + 3 + 2 + -7 + -4?
-5
What is the value of -14 + 17 + 1 + 0?
4
-3 - -6 - (-7 + 6 - 3)
7
Calculate -2 + 8 + -3 - (-3 + 2).
4
What is the value of -7 + (5 - (10 + -7))?
-5
What is 6 + -7 + -5 + 2?
-4
Calculate 1 - -1 - (5 - 11) - 4.
4
What is the value of 0 - 4 - (0 - (1 + 2))?
-1
What is the value of (-6 - (-4 - 0)) + -2 + 6?
2
(2 - (-2 - -3) - 2) + 4
3
(9 - (16 + -8)) + -2
-1
Calculate 9 - (-4 - (1 + -1 - 8)).
5
What is the value of -1 - (-17 + 10 - -4)?
2
What is 1 + (-2 - 1) + -2?
-4
-2 - (-7 - -1) - (21 - 18)
1
Evaluate 0 + (3 - 0) + -8.
-5
Calculate 1 + -1 + (-16 - -21).
5
What is the value of 0 + 6 - (19 + -13) - -1?
1
What is the value of -5 - -4 - (2 + -6)?
3
What is -5 - (3 - (-5 + 10)) - -4?
1
Evaluate 5 + 1 + -4 - (1 - -4).
-3
What is -16 - (-5 + 3) - -6?
-8
Evaluate 17 + (8 - 18) + -8.
-1
What is -1 + (-4 - -1 - -1)?
-3
Evaluate (-1 - -1 - 1) + (4 - 7).
-4
What is the value of (-22 - -33 - 2) + 0 + -3?
6
What is -2 + -18 + 23 + (-4 - 1)?
-2
Evaluate -1 + 2 + -4 + 9.
6
What is 0 + (-1 - (3 + -1)) - 2?
-5
Calculate (-1 - -5) + (-34 - -30).
0
-16 + 23 + -9 - (3 + -9)
4
Calculate (7 - -1) + (-9 - -9) - 12.
-4
(-3 - -2) + -6 - -7
0
What is 3 + (-5 - 6) - (1 + -4)?
-5
What is (-1 - 2) + -5 - -5?
-3
Calculate (4 - 0) + 0 - 6 - -5.
3
Evaluate 2 + -1 + 9 + -4 + -3.
3
What is -2 + 1 - (-19 + 23)?
-5
Evaluate 3 + -10 - (-3 + 2).
-6
What is -2 + (1 - -3 - -2 - 1)?
3
What is the value of 2 + (4 - 2) + 1 + -7?
-2
Evaluate (8 - 1 - 3) + 7 + -2.
9
What is -1 - -7 - (-23 - -33)?
-4
What is the value of -1 + 1 + 2 + -3 + 6?
5
What is the value of -1 + (4 - 8) + 4?
-1
Evaluate 3 - (-2 + 3 - (-11 - -13)).
4
Calculate -2 + 0 + 2 + 0.
0
Evaluate 5 - (4 + (1 - 4)).
4
Calculate (-2 - (1 + -7 + 3)) + -3.
-2
Calculate 1 + 0 - (-7 - -13).
-5
Calculate -8 - ((-12 - (-8 - -9)) + 1).
4
Calculate (-4 - -2) + -4 + 2 - -9.
5
Evaluate 0 - (14 + -9 + -8).
3
What is 5 - (-3 + 3 + 4)?
1
-2 + 6 + -4 + -4
-4
3 + -2 + -4 + -15 + 21
3
Calculate 2 + 0 + (-5 - -6 - 3).
0
Calculate -2 - -11 - (-15 + (19 - 2)).
7
Calculate 3 + (-1 - 0) + 2 - 3.
1
Calculate (-3 - -6) + 1 + -5.
-1
Calculate (3 - (-16 - -16)) + (2 - -3).
8
What is 1 - 1 - (8 + -12 + 0)?
4
Calculate (0 - 3) + (-1 - (-12 + 16)).
-8
What is the value of 10 - (1 - (-3 - 1))?
5
6 - -2 - (2 - -3)
3
Calculate 2 - (4 - (1 - 1)).
-2
Calculate 1 + -2 + (-6 - (-13 - -11)).
-5
4 - ((1 - 1) + 0 - -10)
-6
Evaluate (25 + -48 - -22) + 1 + -4.
-4
Calculate -3 + (0 - (-4 + 5)) - -1.
-3
Evaluate -7 + (-3 - (0 + -8)) + -4.
-6
7 + (3 - 1 - 7)
2
Calculate 0 - (-15 - (-6 + 4)) - 6.
7
0 + -11 + -83 + 90 + 12
8
What is 5 + 1 - (11 + -20 + 11)?
4
What is 1 + -3 - (-1 + 1 + 1)?
-3
Calculate -24 + 21 + -3 + 0 + 1.
-5
-2 + -2 + -2 + 5
-1
-1 + -1 + 3 - -3
4
-7 - (4 + 2 + -3 - 7)
-3
What is (-8 - -5) + 1 + (-1 - -4)?
1
Calculate -5 + (-2 - 0 - (-2 - 4)).
-1
7 - (1 + (9 - 10))
7
What is -2 + (4 - 5) + (-1 - -1)?
-3
1 + (4 - 1 - 2)
2
Evaluate 1 + (24 - 22 - (-1 + 0)).
4
Evaluate (-4 - -5) + -15 - -7.
-7
Evaluate 5 + (-12 - (0 - 1)) + 10.
4
Evaluate -36 - -33 - (0 - -1).
-4
Evaluate 0 - 1 - (-7 - (-11 + 1)).
-4
What is the value of -2 + 1 + -1 - -1?
-1
What is 15 + 1 + 65 + -71?
10
What is the value of -9 + (7 - 1) - -2?
-1
Calculate -1 + 0 - (-6 - (-11 + 6)).
0
3 + -9 + -4 + 1 - -4
-5
What is 0 + 2 + 1 - 0?
3
What is the value of -5 + 8 + -1 - (-4 + 7)?
-1
Calculate -6 - ((2 - 8) + 1 + 1).
-2
What is 3 - (6 - (8 - 5))?
0
What is 2 + 4 - (31 + -24)?
-1
Calculate (4 - 1) + (68 - 67).
4
What is -1 + (-39 + 39 - (-7 + -1))?
7
What is 1 + 10 + -1 + -7?
3
Evaluate 2 - (7 + -12) - 9.
-2
(-1 - 2) + 12 + -10
-1
What is (-4 - -6 - 8) + -4 - -3?
-7
2 + -2 + (7 - 9)
-2
-11 + (0 - -3) + 0 + 3
-5
(7 - 4) + 3 - 3
3
Calculate (-12 + 1 - -4) + 2 - -3.
-2
Calculate 9 + -9 + (1 + 0 - 3).
-2
-3 - (2 + (5 - 12) + -7)
9
Calculate 2 + -4 + (0 - -2 - -2).
2
What is (-14 - -8) + -1 + 1?
-6
18 + -5 + -2 + 0 + -4
7
Evaluate -2 + (-1 - (2 + -2 - 2)).
-1
Evaluate 2 + -8 + -1 + 7.
0
Calculate ((0 - -3) + -6 - -5) + -2.
0
6 + -5 + -3 + (-4 - -3)
-3
Calculate 1 + 2 + 0 - (-2 - -4).
1
What is the value of -5 + 16 + -4 + (-10 - -7)?
4
What is -1 - (6 + -4 + -6)?
3
What is 0 + -1 + (-7 - (-5 + 4))?
-7
Calculate 0 + (-2 - -8) + -1.
5
-12 + (10 - (0 - (-1 + -4)))
-7
Evaluate -34 + 29 - (1 - 1 - 1).
-4
What is the value of 0 + 0 + (-41 - -46)?
5
Evaluate 28 - 23 - (-1 - -4 - 0).
2
What is -2 + (4 - (-1 - 0)) + -8?
-5
What is (-1 - 1) + (6 - 0) + 2?
6
(-6 - -9 - -7) + -11
-1
Evaluate 4 - (-5 - (-9 + 1)).
1
Calculate 2 + (7 - 0 - 5).
4
-4 - (-5 + (8 - 11))
4
Evaluate -2 + (-1 - 1) + 1 + 2.
-1
4 + -3 + (-8 - -8)
1
-2 + -4 - (-1 - 10) - 11
-6
What is 5 + -11 + (1 - -2) - 0?
-3
Evaluate -1 - (4 + (-2 - -1) + -10).
6
What is the value of -1 + (-2 - -2) + -2?
-3
What is (1 + -4 - -4) + (6 - 10)?
-3
Evaluate -2 - (4 + -3) - (-1 + 4).
-6
Calculate -4 - 0 - -2 - (0 + 1).
-3
(-2 - -1) + (-13 - -9)
-5
What is -1 - (-4 + -1 - -5 - -3)?
-4
Evaluate (-16 - -18) + 0 + 3.
5
What is the value of 10 + -5 + (6 - 3)?
8
Calculate 0 - (-8 - -5) - -2.
5
Calculate (5 - 1) + (-16 - -16) - 9.
-5
Calculate 13 + -9 - (2 + 2 + -1).
1
Calculate -1 + -6 + (-53 - -55).
-5
What is -2 + -6 - (11 + -11) - -1?
-7
What is the value of (8 - -2) + -4 - (7 - 5)?
4
What is the value of (0 - -2) + (-22 - -21)?
1
What is the value of -13 + -8 + 21 - -9?
9
Calculate 4 - (0 + 6 + -2).
0
Calculate 3 + -4 - (-21 + 23).
-3
10 + -4 + -7 + 1
0
What is the value of 0 + ((2 - -4) + -6 - 4)?
-4
What is the value of -6 + 3 + (-3 - -2)?
-4
-8 + 2 - (-1 + -2 + 1)
-4
Evaluate 4 + -1 + 1 + -1 + -4.
-1
What is the value of -2 + -6 + 11 - 7?
-4
What is the value of (-2 - (-11 + -6 + 11)) + -4?
0
2 - 1 - 1 - 2
-2
What is (-2 - -2 - 1) + (4 - 6)?
-3
Calculate -1 - (3 + (-5 + 2 - -2)).
-3
-7 + (0 - (-16 - -8))
1
(2 - (15 - 11)) + 9
7
5 + (-8 - -4) - -2
3
What is the value of 10 + -9 + 7 + -12?
-4
What is 12 + -9 + 0 + -2?
1
What is the value of 0 - 2 - -4 - 3?
-1
What is the value of 34 + -32 - (-1 + -1 + 5)?
-1
0 + (1 - 3) + -1
-3
Calculate -8 - (-8 - (-4 + -3 + 15)).
8
(2 - 1 - 1) + (-52 - -47)
-5
4 + -19 + 17 + 0 + -2
0
Calculate -1 - 0 - (-13 - -12) - -2.
2
(-12 - -11 - -2) + -13 + 2
-10
Calculate (-2 - (5 + -5)) + 5.
3
Evaluate 4 - (0 - (0 - 0)).
4
Evaluate -8 + 10 + -4 + -3.
-5
Evaluate (-6 - -1) + 16 + -7.
4
Calculate 9 + 0 + -10 - -8.
7
What is the value of 2 + (-2 - -3 - -4 - 3)?
4
-5 - -1 - 1 - -5 - 2
-2
-1 - (-2 + -16 + 12)
5
What is 7 - ((1 - -4 - 0) + 5)?
-3
Calculate 8 + (-4 - 3) + -3.
-2
What is 0 + -1 - (-36 + 33)?
2
What is the value of -2 + -1 + 2 + 0 + 1?
0
What is -2 + 4 + -4 - -3?
1
What is 1 - (0 - (-2 + 3)) - -3?
5
Evaluate (18 - 24) + 6 + -2.
-2
Calculate (222 - 229) + (1 + 15 - 0).
9
Evaluate (1 - 1) + -13 + (17 - 9).
-5
What is 7 + 0 + -10 - (0 - 6)?
3
What is 3 - ((11 